or of 23929226?
False
Is 118521510 a multiple of 15?
True
Is 6 a factor of 58172698?
False
Is 362 a factor of 135491532?
True
Does 19 divide 6683612?
False
Does 4 divide 242544800?
True
Does 3 divide 25121397?
True
Is 1475 a factor of 103173300?
True
Does 216 divide 55571832?
True
Is 342575944 a multiple of 8?
True
Is 1123692207 a multiple of 2631?
True
Does 275 divide 118935409?
False
Does 33 divide 588140223?
True
Is 62259607 a multiple of 298?
False
Does 425 divide 4568325?
True
Is 357 a factor of 671095447?
False
Is 1339 a factor of 722276685?
True
Is 3234454815 a multiple of 67?
True
Does 940 divide 281947386?
False
Is 13 a factor of 3007775524?
True
Is 70634169 a multiple of 808?
False
Is 4486340 a multiple of 2?
True
Is 113 a factor of 2080011340?
True
Does 793 divide 149927332?
False
Is 57 a factor of 6519507?
False
Is 495 a factor of 9575280?
True
Is 32340769 a multiple of 25?
False
Is 16 a factor of 51386201?
False
Does 23 divide 21693278?
True
Is 1597792546 a multiple of 382?
True
Is 22445358 a multiple of 183?
False
Does 479 divide 55833731?
False
Is 6417798 a multiple of 37?
True
Is 9 a factor of 324168884?
False
Is 62 a factor of 515706018?
True
Does 40 divide 6996760?
True
Is 1636 a factor of 580681840?
True
Does 14 divide 913425590?
True
Does 259 divide 1971249?
True
Is 24 a factor of 683855904?
True
Is 37945207 a multiple of 33?
False
Does 38 divide 473866194?
True
Is 58411416 a multiple of 2982?
True
Is 6 a factor of 16911234?
True
Is 227 a factor of 7313259?
True
Is 14 a factor of 1744498518?
True
Is 25 a factor of 38806025?
True
Is 1283722940 a multiple of 38?
False
Is 50877008 a multiple of 421?
True
Does 212 divide 64750948?
True
Is 190681650 a multiple of 3295?
True
Is 40704549 a multiple of 15?
False
Is 758 a factor of 173642640?
True
Is 22411397 a multiple of 2?
False
Is 49055603 a multiple of 207?
False
Is 25579266 a multiple of 46?
True
Is 257 a factor of 568623551?
True
Is 67005124 a multiple of 1024?
False
Does 2569 divide 200892678?
False
Is 1454956838 a multiple of 15?
False
Does 31 divide 118593290?
True
Is 54549503 a multiple of 57?
False
Is 24 a factor of 78849096?
True
Is 3933 a factor of 89183057?
False
Is 17284806 a multiple of 378?
True
Is 205 a factor of 4408115?
True
Does 856 divide 375200559?
False
Is 20166096 a multiple of 16?
True
Is 18831034 a multiple of 129?
False
Does 32 divide 59195232?
True
Is 307757149 a multiple of 31?
False
Is 3400 a factor of 170508694?
False
Is 75902376 a multiple of 642?
True
Is 23 a factor of 49735545?
True
Is 14137353 a multiple of 9?
True
Is 8 a factor of 6433106?
False
Does 14 divide 20336336?
False
Does 121 divide 30677477?
False
Is 22 a factor of 2487762?
False
Does 10 divide 289292473?
False
Is 110422760 a multiple of 56?
True
Does 46 divide 399252009?
False
Is 290 a factor of 383774921?
False
Does 230 divide 39475166?
False
Is 8 a factor of 722355?
False
Is 504071352 a multiple of 68?
True
Is 36 a factor of 190488060?
True
Is 44 a factor of 121029348?
True
Does 208 divide 45426576?
True
Does 12 divide 238628177?
False
Is 122295654 a multiple of 213?
True
Is 246096182 a multiple of 391?
True
Is 1178577538 a multiple of 5420?
False
Is 215 a factor of 2324587283?
False
Is 1605 a factor of 796205360?
False
Is 18 a factor of 3225775608?
True
Is 947133930 a multiple of 15?
True
Is 658623263 a multiple of 309?
False
Does 77 divide 120204402?
False
Does 24 divide 80506152?
True
Is 17 a factor of 51670384?
False
Is 4 a factor of 3010720?
True
Does 302 divide 22714930?
True
Is 4 a factor of 27928791?
False
Is 874 a factor of 96025317?
False
Is 101224050 a multiple of 26?
False
Is 214249250 a multiple of 670?
True
Does 188 divide 6025161072?
False
Is 18 a factor of 11286036?
True
Is 1274 a factor of 344710002?
True
Does 32 divide 15134292?
False
Does 143 divide 7229425?
False
Does 1259 divide 43830826?
True
Does 42 divide 147678609?
False
Is 971716696 a multiple of 19?
True
Is 314 a factor of 5435026?
True
Is 56887339 a multiple of 2353?
False
Is 526005140 a multiple of 3835?
False
Does 460 divide 560219280?
True
Is 740 a factor of 13373545?
False
Is 726754679 a multiple of 14?
False
Does 1764 divide 3892902804?
True
Is 64346385 a multiple of 453?
True
Is 64 a factor of 448705515?
False
Is 20241120 a multiple of 499?
False
Does 231 divide 14592894?
False
Is 3538797438 a multiple of 22?
True
Does 740 divide 29550466?
False
Is 308 a factor of 430232264?
True
Is 2179690 a multiple of 5?
True
Is 135 a factor of 2260368450?
True
Does 56 divide 331547216?
True
Does 1240 divide 1196767934?
False
Is 16 a factor of 1158304522?
False
Is 15 a factor of 32953995?
True
Is 300667961 a multiple of 61?
False
Is 23311295 a multiple of 37?
True
Is 8604650 a multiple of 10?
True
Does 324 divide 11706122?
False
Does 193 divide 22332130?
False
Is 25 a factor of 10996983?
False
Is 550 a factor of 211370155?
False
Does 114 divide 27569068?
False
Is 509 a factor of 54826935?
True
Is 12521197 a multiple of 13?
True
Is 122 a factor of 39980254?
True
Is 180859781 a multiple of 4334?
False
Is 125754213 a multiple of 39?
True
Is 12 a factor of 21677721?
False
Does 837 divide 698681565?
True
Is 739804371 a multiple of 1273?
False
Is 439174736 a multiple of 112?
True
Is 5930028 a multiple of 39?
True
Does 8212 divide 552824177?
False
Does 173 divide 180473257?
False
Is 73784556 a multiple of 102?
True
Is 34353620 a multiple of 14?
True
Is 16717222 a multiple of 123?
False
Is 3626 a factor of 311147060?
True
Is 719 a factor of 120385765?
True
Is 115667280 a multiple of 36?
True
Is 6871870 a multiple of 470?
True
Is 26296665 a multiple of 281?
False
Does 7 divide 139218823?
False
Does 27 divide 166301775?
True
Is 630773234 a multiple of 7?
True
Does 117 divide 1428570?
True
Is 18922431 a multiple of 349?
True
Is 27 a factor of 869521596?
False
Is 12 a factor of 35133852?
True
Is 378 a factor of 108101952?
True
Is 18 a factor of 624549331?
False
Does 2498 divide 744067074?
False
Is 521 a factor of 1177939320?
True
Is 1882255572 a multiple of 36?
True
Does 200 divide 2599857400?
True
Is 921 a factor of 17276118?
True
Is 15 a factor of 370964490?
True
Is 164980906 a multiple of 3193?
False
Is 3925655 a multiple of 45?
False
Does 260 divide 69192606?
False
Is 60 a factor of 7365240?
True
Is 5469840 a multiple of 4?
True
Does 46 divide 1269747522?
True
Does 7 divide 16269512?
True
Does 35 divide 110467595?
True
Is 97 a factor of 429449?
False
Is 83 a factor of 80348332?
False
Does 54 divide 52553300?
False
Does 848 divide 614442992?
True
Is 31480376 a multiple of 9?
False
Is 3987 a factor of 253979874?
True
Is 453401882 a multiple of 332?
False
Is 11525224 a multiple of 1410?
False
Is 5 a factor of 67232080?
True
Is 83 a factor of 10805936?
True
Is 693198616 a multiple of 112?
False
Is 49001308 a multiple of 18?
False
Is 202775573 a multiple of 2213?
False
Does 620 divide 3338080?
True
Is 11 a factor of 52623729?
False
Is 161822727 a multiple of 33?
True
Is 23 a factor of 18037681?
True
Is 572 a factor of 949696656?
False
Does 2 divide 103091241?
False
Does 996 divide 1933533528?
False
Is 3108662992 a multiple of 380?
False
Is 219 a factor of 358615956?
False
Is 856 a factor of 829116108?
False
Does 61 divide 46249285?
True
Is 224819441 a multiple of 1301?
False
Is 45309503 a multiple of 20?
False
Is 25 a factor of 5082862677?
False
Is 18129244 a multiple of 161?
True
Is 33 a factor of 206451597?
True
Is 86803860 a multiple of 156?
True
Is 18 a factor of 64909476?
True
Does 1385 divide 30129290?
True
Does 87 divide 379934495?
False
Is 12 a factor of 16484282?
False
Is 16971131 a multiple of 4?
False
Does 734 divide 85618607?
False
Is 43 a factor of 44501560?
True
Does 7 divide 13835675?
True
Does 85 divide 738551995?
True
Is 17477415 a multiple of 183?
True
Is 123937020 a multiple of 45?
True
Does 171 divide 389487?
False
Is 29 a factor of 4257260741?
False
Is 59095125 a multiple of 45?
True
Is 154336786 a multiple of 31?
True
Is 1671230637 a multiple of 447?
True
Is 759219479 a multiple of 239?
False
Is 787 a factor of 56101295?
True
Does 9 divide 268586325?
True
Does 655 divide 789028352?
False
Is 123492134 a multiple of 15?
False
Does 391 divide 7211604?
True
Is 561730840 a multiple of 2024?
True
Does 88 